rime factors of 1208?
2, 151
List the prime factors of 5030.
2, 5, 503
What are the prime factors of 182762?
2, 91381
List the prime factors of 26195.
5, 13, 31
List the prime factors of 33082.
2, 7, 17, 139
List the prime factors of 910.
2, 5, 7, 13
List the prime factors of 1654.
2, 827
List the prime factors of 26797.
127, 211
List the prime factors of 2092.
2, 523
List the prime factors of 4445.
5, 7, 127
What are the prime factors of 3180?
2, 3, 5, 53
What are the prime factors of 18817?
31, 607
List the prime factors of 15958.
2, 79, 101
List the prime factors of 9920.
2, 5, 31
List the prime factors of 1142.
2, 571
What are the prime factors of 7014?
2, 3, 7, 167
What are the prime factors of 2357?
2357
What are the prime factors of 2347?
2347
List the prime factors of 27242.
2, 53, 257
What are the prime factors of 181108?
2, 19, 2383
List the prime factors of 8802.
2, 3, 163
What are the prime factors of 8605?
5, 1721
What are the prime factors of 23271?
3, 7757
What are the prime factors of 2411?
2411
What are the prime factors of 1833?
3, 13, 47
List the prime factors of 19200.
2, 3, 5
List the prime factors of 53.
53
What are the prime factors of 3253?
3253
What are the prime factors of 9247?
7, 1321
What are the prime factors of 29656?
2, 11, 337
What are the prime factors of 109894?
2, 23, 2389
List the prime factors of 3288.
2, 3, 137
What are the prime factors of 525?
3, 5, 7
List the prime factors of 16308.
2, 3, 151
List the prime factors of 1779.
3, 593
What are the prime factors of 851?
23, 37
What are the prime factors of 4858?
2, 7, 347
List the prime factors of 5979.
3, 1993
List the prime factors of 1058.
2, 23
What are the prime factors of 1832?
2, 229
List the prime factors of 45569.
45569
List the prime factors of 82299.
3, 7, 3919
List the prime factors of 12679.
31, 409
List the prime factors of 2912.
2, 7, 13
What are the prime factors of 29157?
3, 9719
What are the prime factors of 1901?
1901
What are the prime factors of 34921?
47, 743
What are the prime factors of 37693?
37693
What are the prime factors of 4959?
3, 19, 29
List the prime factors of 256.
2
List the prime factors of 5430.
2, 3, 5, 181
What are the prime factors of 59198?
2, 29599
List the prime factors of 43030.
2, 5, 13, 331
What are the prime factors of 3190?
2, 5, 11, 29
What are the prime factors of 7776?
2, 3
What are the prime factors of 69274?
2, 19, 1823
What are the prime factors of 239?
239
List the prime factors of 108857.
7, 15551
What are the prime factors of 22416?
2, 3, 467
What are the prime factors of 40?
2, 5
What are the prime factors of 3835?
5, 13, 59
What are the prime factors of 4435?
5, 887
What are the prime factors of 351?
3, 13
List the prime factors of 36322.
2, 11, 13, 127
List the prime factors of 16043.
61, 263
What are the prime factors of 181?
181
What are the prime factors of 16623?
3, 1847
List the prime factors of 20257.
47, 431
List the prime factors of 1039.
1039
List the prime factors of 98755.
5, 19751
List the prime factors of 105296.
2, 6581
List the prime factors of 287.
7, 41
List the prime factors of 1168.
2, 73
What are the prime factors of 1172?
2, 293
What are the prime factors of 79384?
2, 9923
List the prime factors of 4770.
2, 3, 5, 53
What are the prime factors of 3721?
61
List the prime factors of 6956.
2, 37, 47
What are the prime factors of 2729?
2729
List the prime factors of 160978.
2, 80489
List the prime factors of 3598.
2, 7, 257
List the prime factors of 14627.
14627
List the prime factors of 5997.
3, 1999
What are the prime factors of 2372?
2, 593
List the prime factors of 39510.
2, 3, 5, 439
What are the prime factors of 53574?
2, 3, 8929
List the prime factors of 61845.
3, 5, 7, 19, 31
List the prime factors of 18100.
2, 5, 181
List the prime factors of 7029.
3, 11, 71
List the prime factors of 602.
2, 7, 43
List the prime factors of 1035.
3, 5, 23
What are the prime factors of 216?
2, 3
What are the prime factors of 60144?
2, 3, 7, 179
List the prime factors of 5130.
2, 3, 5, 19
List the prime factors of 48945.
3, 5, 13, 251
List the prime factors of 144257.
181, 797
What are the prime factors of 79?
79
List the prime factors of 1416.
2, 3, 59
List the prime factors of 5406.
2, 3, 17, 53
What are the prime factors of 1038?
2, 3, 173
What are the prime factors of 2265?
3, 5, 151
List the prime factors of 7870.
2, 5, 787
What are the prime factors of 1554?
2, 3, 7, 37
What are the prime factors of 718?
2, 359
What are the prime factors of 41314?
2, 7, 13, 227
List the prime factors of 63770.
2, 5, 7, 911
List the prime factors of 13647.
3, 4549
List the prime factors of 252.
2, 3, 7
List the prime factors of 19220.
2, 5, 31
List the prime factors of 10258.
2, 23, 223
List the prime factors of 12773.
53, 241
What are the prime factors of 32173?
32173
What are the prime factors of 4320?
2, 3, 5
What are the prime factors of 1244?
2, 311
List the prime factors of 2493.
3, 277
List the prime factors of 32270.
2, 5, 7, 461
What are the prime factors of 912?
2, 3, 19
What are the prime factors of 47254?
2, 23627
What are the prime factors of 8552?
2, 1069
List the prime factors of 8782.
2, 4391
List the prime factors of 13206.
2, 3, 31, 71
What are the prime factors of 3473?
23, 151
What are the prime factors of 36952?
2, 31, 149
List the prime factors of 2319.
3, 773
What are the prime factors of 23?
23
What are the prime factors of 2487?
3, 829
What are the prime factors of 16938?
2, 3, 941
List the prime factors of 418.
2, 11, 19
What are the prime factors of 21590?
2, 5, 17, 127
What are the prime factors of 4919?
4919
What are the prime factors of 2270?
2, 5, 227
List the prime factors of 300.
2, 3, 5
What are the prime factors of 15915?
3, 5, 1061
What are the prime factors of 117875?
5, 23, 41
What are the prime factors of 5536?
2, 173
List the prime factors of 503.
503
List the prime factors of 671.
11, 61
List the prime factors of 11072.
2, 173
List the prime factors of 897.
3, 13, 23
List the prime factors of 4470.
2, 3, 5, 149
List the prime factors of 1058.
2, 23
What are the prime factors of 111823?
67, 1669
What are the prime factors of 17064?
2, 3, 79
What are the prime factors of 39650?
2, 5, 13, 61
What are the prime factors of 102479?
13, 7883
What are the prime factors of 58813?
103, 571
What are the prime factors of 757?
757
What are the prime factors of 1250?
2, 5
What are the prime factors of 49221?
3, 1823
What are the prime factors of 1381?
1381
List the prime factors of 170.
2, 5, 17
List the prime factors of 4215.
3, 5, 281
List the prime factors of 8268.
2, 3, 13, 53
What are the prime factors of 388?
2, 97
What are the prime factors of 48816?
2, 3, 113
What are the prime factors of 11620?
2, 5, 7, 83
List the prime factors of 1415.
5, 283
What are the prime factors of 133927?
199, 673
List the prime factors of 325.
5, 13
List the prime factors of 11179.
7, 1597
List the prime factors of 1079.
13, 83
What are the prime factors of 24549?
3, 7, 167
List the prime factors of 1214.
2, 607
List the prime factors of 867.
3, 17
What are the prime factors of 95?
5, 19
What are the prime factors of 105474?
2, 3, 17579
List the prime factors of 80877.
3, 26959
What are the prime factors of 5527?
5527
What are the prime factors of 650?
2, 5, 13
What are the prime factors of 165?
3, 5, 11
List the prime factors of 919.
919
What are the prime factors of 93869?
37, 43, 59
What are the prime factors of 2372?
2, 593
What are the prime factors of 6546?
2, 3, 1091
What are the prime factors of 1459?
1459
What are the prime factors of 4558?
2, 43, 53
What are the prime factors of 2892?
2, 3, 241
What are the prime factors of 6113?
6113
What are the prime factors of 104027?
7, 11, 193
What are the prime factors of 11670?
2, 3, 5, 389
List the prime factors of 1607.
1607
List the prime factors of 19006.
2, 13, 17, 43
List the prime factors of 10871.
7, 1553
What are the prime factors of 242?
2, 11
List the prime factors of 32089.
32089
What are the prime factors of 4129?
4129
What are the prime factors of 766?
2, 383
What are the prime factors of 1903?
11, 173
List the prime factors of 632.
2, 79
List the prime factors of 1041.
3, 347
List the prime factors of 18042.
2, 3, 31, 97
